 What is w(z)?
9
Let a(b) = -2*b**2 + 12*b + 6. Suppose 3*o + 8*o - 66 = 0. Determine a(o).
6
Let p(c) = -c - 3. Let u(f) = f + 1. Let k be (3 - 0) + (7 - 9). Let i(h) = k*p(h) + 2*u(h). Determine i(8).
7
Let f(v) = -v. Suppose -18*n + 15*n - 3 = 0. Let o be (0 - n)/(2/(-4)). Determine f(o).
2
Let j be (-4)/6*21*(-3 + 2). Suppose 16*m - 2 = j*m. Let c(s) = 4*s + 1. What is c(m)?
5
Let f(w) = -w - 6. Let j = 23 + -26. Calculate f(j).
-3
Let h(q) = -q**2 + 5*q + 8. Suppose -15 = 5*m - 45. Let p = 10 - m. Let b = p - -2. What is h(b)?
2
Let t(q) = 3*q**3 + 8*q**2 + 14*q - 1. Let u(g) = -4*g**3 - 7*g**2 - 14*g + 1. Let c(m) = -5*t(m) - 4*u(m). Determine c(13).
-12
Suppose -4*l = -3*l + 4*f - 3, -3*f = -4*l + 31. Let m(h) = 5*h**2 + 5*h**3 - 6*h**3 + 3*h**2 - h**2. What is m(l)?
0
Let y(u) = u**3 - 2*u**2 - 8*u + 1. Let m = 47 + -46. Let v(f) = -f. Let w(z) = m*y(z) - 4*v(z). Give w(3).
-2
Suppose -5*a - 12 = -9*a. Suppose -3 = -3*i, a*r = -4*i + 3*i + 49. Let g = -23 + r. Let u(t) = -t - 9. Determine u(g).
-2
Let i be -1 + (-19 + -2)/3. Let n(c) = c**2 + 7*c - 5. Give n(i).
3
Let s(f) = 2*f**3 - 243*f**2 - 2 + 58*f**2 + 60*f**2 - 4*f + 59*f**2 + 63*f**2. Determine s(-2).
-22
Suppose -v + 2*v = -5*w - 6, -3*w = 5*v + 8. Let b(k) = -6*k**3 - 2*k**2 - k + 1. Give b(w).
6
Let k(o) = -35*o - 51*o**2 + 2 + 48*o**2 + 37*o. Determine k(3).
-19
Let l = 25 - 28. Let v(b) = -3*b**2 - 2*b + 4. What is v(l)?
-17
Suppose -4*v - 16 = 3*d, 2*d + 10 = -v - v. Let r(u) = -1 - 3 + 3*u - 1 - 16*u. Let c(f) = -6*f - 3. Let i(o) = -7*c(o) + 4*r(o). Calculate i(v).
11
Let l(z) = 2*z - 21. Let t be l(12). Let x(f) = 33*f**2 - 11*f**2 - 19*f**2 + 4 - f - f**3. Determine x(t).
1
Suppose -y - 1 = -h - 0, 2*h + 18 = -2*y. Let r(b) = -b**3 - 9*b**2 - b + 7. Let s(l) = -l**3 - 8*l**2 + 6. Let m(o) = -3*r(o) + 4*s(o). Give m(y).
-12
Let x(j) be the second derivative of -j**4/6 + 7*j**3/6 - j**2 - 2*j + 142. Determine x(3).
1
Suppose 5 = 2*c + 15, 0 = 3*m + 4*c + 20. Suppose 0 = -m*v - v + 4*w + 15, -4*w = 5*v - 3. Let x(d) = 4*d**2 - 6*d - 3 + 5*d + 2 - d**v. Determine x(4).
-5
Let p(a) be the second derivative of a**5/20 - a**4/4 - 5*a**3/6 + 5*a**2/2 - 4*a. Suppose -5*q + 2*g = -2*g - 36, 2*q = -g + 4. Calculate p(q).
1
Let n(s) be the second derivative of -s**3/6 + 19*s**2/2 - s + 183. What is n(7)?
12
Let d(w) = w**2 - 4*w + 3. Let j be d(3). Let y(r) = -8 + j*r**2 - r**2 - 2. Suppose 0 = -71*f + 109*f. Give y(f).
-10
Suppose 4*v - 3*r = 5 + 17, -5*v + 43 = 4*r. Let b(i) be the second derivative of -i**5/20 + 7*i**4/12 - i**3/6 - i**2/2 + 2*i. Determine b(v).
-8
Let l(p) = -p - 25. Let k(q) = -12. Let x(o) = 5*k(o) - 3*l(o). Let d(z) = -z - 5. Let f(c) = 11*d(c) + 4*x(c). Let n = -12 - -6. Give f(n).
-1
Let f be 5*1*4/4. Let j(s) = 5 + 5*s**2 + 10*s**2 - 6*s - 13*s**2 - 11. Calculate j(f).
14
Let t(r) be the second derivative of r**5/20 - r**4/4 - r**3 + r**2 - r. Let s be 20/(-45) + (-200)/(-45). What is t(s)?
-6
Suppose 0 = 12*r - 48 + 36. Let u(d) = -11*d**3 + 1. What is u(r)?
-10
Let q(s) be the first derivative of s**4/3 - 3*s + 1. Let t(i) be the first derivative of q(i). Suppose -1 = 8*u + 7. Give t(u).
4
Let s(q) = -q**2 - q - 1. Let k(w) = 15*w**2 + w + 2. Let i(c) = -k(c) - 3*s(c). Suppose 8*b - 15*b + 28 = 0. Suppose a - b*a = n + 8, 9 = -4*a - n. Give i(a).
-13
Let m(y) = -y**3 - 12*y**2 + y + 15. Let r be ((-112)/70)/((-2)/(-15)). Determine m(r).
3
Let r = 11 - 6. Let k(y) = -3 + 5 + r*y + 1. Let d(f) = f**3 + 5*f**2 + 9*f + 4. Let t be d(-2). Determine k(t).
-7
Let b be 1*(-4)/6*3. Let l = 27 - 24. Let a(w) = -l*w**2 - 2*w - 3 + 1 + 5 - 1. Determine a(b).
-6
Let m(j) = -9*j**2 + 10*j + 7. Let o(k) = -3*k**2 + 3*k + 2. Let u(v) = -2*m(v) + 7*o(v). Let t = 167 - 153. Suppose 27*b + t = -13. Calculate u(b).
-4
Let w be (-2)/(-3 + 7) - (-3)/6. Suppose w = 4*s + 16 - 28. Let f(l) = -l**3 + 4*l**2 - l - 4. Give f(s).
2
Let a = 13 + -7. Suppose -9 = -8*t + 5*t. Let d(z) = 2*z + t - 6 - 1. Give d(a).
8
Let u(a) = 8 - 48*a - 60*a - 8*a**2 + 83*a + 7*a**2 + 10. Calculate u(-26).
-8
Let p = -7 - -11. Let w(x) = 7*x + 3. Let n(a) = 57*a + 24. Let j = 120 + -153. Let g(k) = j*w(k) + p*n(k). Calculate g(-4).
9
Let g(v) = 11*v**3 - 54*v - 27 + 28 + 53*v. What is g(1)?
11
Let w(k) = k**3 - 13*k**2 - 30*k + 2. Let z be w(15). Let a(x) = 5 + 0*x**3 - 4*x + 7*x**z - 10 - x**3. Suppose 18 = 3*s + 2*s - 3*t, s + 6 = 3*t. What is a(s)?
7
Let x(c) be the first derivative of c**4/4 - 7*c**3/3 + 7*c**2/2 + c + 307. Suppose 0 = -3*y - 0*y + 18. What is x(y)?
7
Let i(h) = h**3 - 16*h**2 + h - 15. Let x be i(16). Let w(y) = -3*y**2 - 2*y + 2. Give w(x).
-3
Let i(o) = -1 + 584*o - 3*o**3 - 590*o - 6*o**2 + 2*o**3. What is i(-6)?
35
Let c(a) = 5*a + 9. Let r(h) = 14*h + 26. Let n(w) = -3 + 4*w - 5*w + 9. Let o be n(0). Let x(p) = o*r(p) - 17*c(p). Calculate x(-3).
6
Let a = -1 - -8. Suppose -a*o = -2*o. Let q(v) = -3*v + 0*v + 7*v - v**2 + o*v**2. Give q(3).
3
Let q be ((-78)/9)/((-65)/(-15) + -5). Let v(c) = -2*c + 27. What is v(q)?
1
Let l(k) be the first derivative of -3*k**2/2 + 2*k - 100. Calculate l(5).
-13
Let v(g) be the third derivative of 1/2*g**3 - 2*g**2 - 1/24*g**4 + 0 + 0*g. Determine v(4).
-1
Let x(n) be the first derivative of -n**2/2 - 3*n + 21. Let j be x(-10). Let d(v) = -v**3 + 6*v**2 + 5*v - 3. What is d(j)?
-17
Suppose 8 + 28 = 3*n. Suppose -22 = -n*r + 14*r. Let k = r - -7. Let u(d) = d**3 + 3*d**2 - 3*d + 1. Calculate u(k).
-3
Let a be 16/7 + (-8)/28. Suppose -2*q + 8 = -3*d + 7*d, 2*d + 8 = 2*q. Let s(c) = -6*c - 4 + c**3 + c**2 + q*c**a + 0*c**3. Determine s(-6).
-4
Let y(d) be the third derivative of d**6/60 - d**5/60 - d**4/24 + d**3/6 - 58*d**2. Determine y(2).
11
Let z(n) = 2*n**2 + 10*n + 12. Let c be z(-2). Let f(g) = g**2 + g + 33. What is f(c)?
33
Let m(i) = 2*i**2 - 8*i - 8. Let b be (168/60)/(5*(-8)/(-100)). Give m(b).
34
Suppose -5*r + 30 = -k, 4*r - 12 = 3*k + 12. Suppose 2*s = r + 6. Let g(c) = -3*c - 7. Give g(s).
-25
Let u(b) be the third derivative of -b**5/60 + b**4/6 + b**3/6 + b**2. Let k be 110/(-33)*60/(-50). What is u(k)?
1
Let o(t) = t**2 - 4*t - 7. Suppose -i - 6 = -38. Let p be i/(-20) + 2 + (-28)/(-5). Give o(p).
5
Let a be (-2 + 0)*(2 + -1). Let b(r) = 6*r**2 - 6. Let x(n) = 3*n**3 + 30*n**2 + 2*n - 27. Let t(m) = 5*b(m) - x(m). What is t(a)?
25
Suppose -8*c + 11*c = 33. Let m be (c/(-22))/((-1)/34). Let a be (m + -14)*(0 + -1). Let p(i) = 4*i + 1. Calculate p(a).
-11
Suppose -q = -4*x + 13, -2*q + 12 + 14 = 5*x. Suppose -37*g + 36*g - x = 0. Let w(p) = 4 + 4*p**2 + p - 6 + p**3 + 1. Give w(g).
-5
Let n be -3*(0 + ((-392)/24)/7). Let r(u) = -u**3 + 7*u**2 + 6*u + 4. Determine r(n).
46
Let v(l) = -11 + 3*l - 6*l - l**2 + 3*l. Let t(u) = -6*u - 102. Let h be t(-17). Calculate v(h).
-11
Let u(n) = -10*n**3 + n**2 - n + 1. Suppose -10*w + w + 594 = 0. Let a be 6/33 + 54/w. Determine u(a).
-9
Suppose 10*n = 48*n + 76. Let h(f) = -2*f**3 - 2*f**2 - f - 1. Determine h(n).
9
Suppose -23*c = -17*c - 18. Let b(x) = x - 2. What is b(c)?
1
Let k(u) = -u**3 - 6*u**2 - 4*u + 5. Let z(s) = -7*s**3 + 2*s**2 - s. Let l be z(1). Let b = 8 + l. Suppose -2*p - b*o + 3 = 9, 0 = -3*o + 6. Determine k(p).
0
Let x(p) = -18*p**2 - p. Let o = -381 - -380. Give x(o).
-17
Suppose q + 112 = -q. Let m be 2/(-7) - 184/q. Let j be (3/m)/(2/4). Let z(d) = -2*d**2 + 4*d - 3. Give z(j).
-3
Let c(x) = 1 + x + 6 + x - 3*x. Suppose j = -3*j - 3*b + 61, -3*b = -2*j + 17. Suppose -1 = 3*v - j. What is c(v)?
3
Let i(u) be the second derivative of -u**5/20 - u**4/12 + u**3/3 - u**2 - 13*u - 4. Calculate i(-4).
38
Let g(i) = 7*i**2 - 10*i + 9. Let o(s) = -3*s**2 + 5*s - 4. Let f(h) = -4*g(h) - 9*o(h). Give f(-7).
-14
Let c(z) = z**3 - 9*z**2 + z - 10. Suppose 5*m - 171 = p, -5*p + 97 = 6*m - 3*m. Let g be (5/25 - m/20)*-6. What is c(g)?
-1
Let h(k) = k**2 - 4*k - 5. Suppose -55*q = -48*q - 35. Calculate h(q).
0
Let m(c) be the second derivative of -c**3/2 + c**2/2 - 423*c. Let b be 1 - (-2)/(-2) - -5. What is m(b)?
-14
Let l(h) = -5*h + 35*h**2 + 5 - 36*h**2 + 2*h + 7. What is l(-5)?
2
Let y(p) = p**2 - 22*p + 44. Let a be ((-240)/(-448)*8)/(6/28). What is y(a)?
4
Suppose -5*m + 345 = 5*k, 5*m = k - 12 - 87. Suppose z - k = 5*y, 5*z = -2*y + 3*z - 32. Let r = y - -15. Let g(